f 1127815998?
2, 3, 311, 313, 1931
List the prime factors of 418615803.
3, 17, 199, 4583
What are the prime factors of 536454944?
2, 23, 521, 1399
What are the prime factors of 1986256653?
3, 59, 11221789
List the prime factors of 1262521545.
3, 5, 84168103
List the prime factors of 958639496.
2, 119829937
What are the prime factors of 134641858?
2, 13, 43, 120431
What are the prime factors of 106567385?
5, 1117, 19081
List the prime factors of 106034932.
2, 26508733
What are the prime factors of 651922048?
2, 53, 96097
What are the prime factors of 2359232249?
11, 157, 1366087
What are the prime factors of 2430287565?
3, 5, 173, 936527
List the prime factors of 2562305296.
2, 160144081
What are the prime factors of 13301747?
13301747
What are the prime factors of 1998123455?
5, 47, 761, 11173
What are the prime factors of 169650086?
2, 84825043
What are the prime factors of 1677867040?
2, 5, 73, 143653
List the prime factors of 2275267.
409, 5563
What are the prime factors of 34515139?
3121, 11059
List the prime factors of 94729042.
2, 23, 2059327
What are the prime factors of 1963671965?
5, 173, 2270141
What are the prime factors of 1591770574?
2, 4933, 161339
What are the prime factors of 370966263?
3, 123655421
What are the prime factors of 144536194?
2, 11, 53, 59, 191
What are the prime factors of 512449825?
5, 20497993
List the prime factors of 14789515.
5, 13, 227531
List the prime factors of 5273573167.
263, 20051609
What are the prime factors of 130601725?
5, 19, 274951
List the prime factors of 87802463.
7, 83, 21589
What are the prime factors of 144801583?
23, 273727
List the prime factors of 179450041.
19, 31, 199, 1531
What are the prime factors of 75380514?
2, 3, 11, 1142129
List the prime factors of 113547655.
5, 13, 41, 137, 311
List the prime factors of 10532746.
2, 7, 31, 3467
What are the prime factors of 67324682?
2, 37, 67, 367
What are the prime factors of 1314846932?
2, 7, 46958819
What are the prime factors of 8213470?
2, 5, 317, 2591
What are the prime factors of 21573820?
2, 5, 1078691
What are the prime factors of 37503698?
2, 787, 23827
What are the prime factors of 3667377869?
73, 5413, 9281
List the prime factors of 322325312.
2, 23, 218971
What are the prime factors of 119836884?
2, 3, 9986407
List the prime factors of 234910.
2, 5, 13, 139
What are the prime factors of 4400276?
2, 43, 25583
List the prime factors of 886066989.
3, 295355663
List the prime factors of 69658263.
3, 151, 51257
List the prime factors of 112878564.
2, 3, 31, 37, 59, 139
What are the prime factors of 63373328?
2, 3960833
What are the prime factors of 76781987?
389, 197383
What are the prime factors of 1702368134?
2, 17, 41, 1061, 1151
What are the prime factors of 130333468?
2, 97, 3463
What are the prime factors of 13150590?
2, 3, 5, 151, 2903
What are the prime factors of 61878864?
2, 3, 109, 11827
What are the prime factors of 2503843133?
11, 73, 457, 6823
What are the prime factors of 59016287?
11, 1693, 3169
What are the prime factors of 24002007?
3, 47, 170227
List the prime factors of 78133893.
3, 151, 173, 997
List the prime factors of 1426586832.
2, 3, 11, 900623
List the prime factors of 494342422.
2, 7, 17, 37, 73, 769
List the prime factors of 745000382.
2, 7, 2239, 23767
List the prime factors of 33614050.
2, 5, 61, 103, 107
What are the prime factors of 868252711?
61, 743, 19157
What are the prime factors of 28464580?
2, 5, 179, 7951
What are the prime factors of 4838274921?
3, 1889, 853763
List the prime factors of 169991962.
2, 7, 12142283
What are the prime factors of 63603663?
3, 61, 347561
What are the prime factors of 239129799?
3, 53, 1503961
What are the prime factors of 32720593?
31, 1055503
What are the prime factors of 10811424?
2, 3, 13, 8663
List the prime factors of 523911566.
2, 3823, 68521
What are the prime factors of 440087997?
3, 31, 103, 45943
List the prime factors of 179653401.
3, 31, 643919
List the prime factors of 729150921.
3, 81016769
List the prime factors of 80834616.
2, 3, 41, 139, 197
What are the prime factors of 922150182?
2, 3, 89, 107, 16139
List the prime factors of 25558202.
2, 12779101
What are the prime factors of 6732519967?
6732519967
What are the prime factors of 46025302?
2, 433, 53147
List the prime factors of 174013478.
2, 31, 593, 4733
What are the prime factors of 368624223?
3, 11, 1241159
List the prime factors of 7396477344.
2, 3, 263, 97651
What are the prime factors of 6737864539?
7, 31, 37, 109, 7699
List the prime factors of 1707502986.
2, 3, 7, 853, 15887
List the prime factors of 17604219.
3, 5868073
What are the prime factors of 45220322?
2, 7, 3230023
What are the prime factors of 45868391?
3499, 13109
List the prime factors of 79232320.
2, 5, 247601
What are the prime factors of 17223767?
11, 29, 53993
List the prime factors of 44306070.
2, 3, 5, 1476869
List the prime factors of 3664944.
2, 3, 31, 821
List the prime factors of 1901561.
269, 7069
What are the prime factors of 72661464?
2, 3, 467, 2161
List the prime factors of 35645576.
2, 311, 14327
List the prime factors of 4109714039.
4483, 916733
What are the prime factors of 970670690?
2, 5, 11, 8824279
List the prime factors of 482257903.
482257903
List the prime factors of 37000157.
37000157
List the prime factors of 520124618.
2, 13, 67, 298579
What are the prime factors of 110842455?
3, 5, 67, 110291
List the prime factors of 25662128.
2, 73, 127, 173
List the prime factors of 22841124.
2, 3, 1013, 1879
What are the prime factors of 53293864?
2, 13, 47, 10903
What are the prime factors of 856796257?
157, 281, 19421
What are the prime factors of 313656143?
151, 653, 3181
List the prime factors of 4249964525.
5, 169998581
What are the prime factors of 104502714?
2, 3, 47, 67, 5531
List the prime factors of 375090947.
7, 11, 4871311
List the prime factors of 23417532.
2, 3, 216829
What are the prime factors of 13334007?
3, 4444669
What are the prime factors of 123912838?
2, 7, 61, 373, 389
What are the prime factors of 118139338?
2, 59069669
What are the prime factors of 18158148?
2, 3, 19, 8849
What are the prime factors of 551886586?
2, 1483, 186071
List the prime factors of 120792275.
5, 31, 155861
List the prime factors of 197817941.
163, 1213607
List the prime factors of 392393555.
5, 2437, 32203
What are the prime factors of 223474208?
2, 107, 65267
List the prime factors of 69400447.
563, 123269
List the prime factors of 79660408.
2, 23, 37, 11701
List the prime factors of 95393516.
2, 181, 131759
List the prime factors of 46150972.
2, 7, 23, 71663
List the prime factors of 89198994.
2, 3, 1811, 8209
List the prime factors of 3570903247.
2141, 1667867
List the prime factors of 298340995.
5, 463, 128873
List the prime factors of 272937763.
7, 29, 227, 5923
What are the prime factors of 509941092?
2, 3, 42495091
List the prime factors of 525788061.
3, 67, 2615861
List the prime factors of 174746262.
2, 3, 79, 173, 2131
List the prime factors of 99681231.
3, 13, 71, 35999
What are the prime factors of 47507334?
2, 3, 7, 19, 37, 1609
List the prime factors of 130148365.
5, 26029673
What are the prime factors of 419121575?
5, 16764863
What are the prime factors of 300460582?
2, 150230291
List the prime factors of 228272318.
2, 114136159
List the prime factors of 1539289622.
2, 13, 59203447
List the prime factors of 12311372.
2, 173, 17791
List the prime factors of 40258389.
3, 13419463
What are the prime factors of 4195312330?
2, 5, 11, 38139203
List the prime factors of 90704363.
101, 898063
What are the prime factors of 1749444402?
2, 3, 71, 4106677
What are the prime factors of 7023048029?
97, 101, 716857
List the prime factors of 771637711.
13, 59356747
What are the prime factors of 1089725684?
2, 79, 521, 6619
What are the prime factors of 75997338?
2, 3, 61, 207643
What are the prime factors of 19812238?
2, 9906119
List the prime factors of 135931473.
3, 17, 47, 6301
What are the prime factors of 152512616?
2, 19064077
List the prime factors of 1832899469.
131, 227, 61637
List the prime factors of 780569313.
3, 809, 321619
List the prime factors of 3266223562.
2, 7, 233301683
List the prime factors of 128100163.
29, 4417247
What are the prime factors of 2519114934?
2, 3, 7, 173, 346699
List the p